 is divided by p(a).
41
Let x(r) = -25*r**3 + 3*r**2 + 2*r. What is the remainder when 154 is divided by x(-1)?
24
Suppose -2 = -o - 5*c + 1, -3*o + 4*c = -9. Let y(p) = p**2 + 17. What is the remainder when y(0) is divided by (1 + 3/(-21))/(o/21)?
5
Let u be (45/(-18))/((-10)/8). Let s be (26/39)/(u/9). Suppose -4*o - 3 + 37 = s*g, -80 = -5*g - 2*o. Calculate the remainder when g is divided by 5.
3
Suppose 7*s + 59 - 10 = 0. Let i(j) = j**2 + 5*j + 14. Calculate the remainder when i(s) is divided by 6.
4
Let i(b) = -5*b**3 - 9*b**2 - 4*b - 2. What is the remainder when i(-4) is divided by 9?
1
Let w = -23 + 24. Suppose -2*y + w = -3*k, 2*k + 0 + 6 = 2*y. Calculate the remainder when 55 is divided by y.
7
Suppose 2*c + 4*s - 165 = 93, c = 4*s + 147. What is the remainder when c is divided by 42?
9
Suppose 2*f + 5*y - 239 = 0, -y = 3*f + 57 - 409. Calculate the remainder when f is divided by 17.
15
Let l(m) = 12*m + 1. Suppose -7*d = 139 - 475. Calculate the remainder when d is divided by l(1).
9
Let i = -41 + 72. Suppose -s = s + x - 181, -452 = -5*s - 2*x. Calculate the remainder when s is divided by i.
28
Suppose -x - b + 8 = 0, 5*b = 6*x - x - 20. Let t be (-2)/5 - x/(-15). Let i = 21 - t. What is the remainder when 81 is divided by i?
18
Let q = 171 + -132. Suppose 6*d - 70 = d. What is the remainder when q is divided by d?
11
Suppose -4 + 9 = g. Suppose -g*y = 2*p + 46, y + 0*y + 11 = -p. Let t = y + 21. What is the remainder when t is divided by 7?
6
Suppose -79*h = -128*h + 637. Suppose -4*b = 4*w - 322 - 118, b - 2*w - 125 = 0. What is the remainder when b is divided by h?
11
Let h be (-2)/(8/444*-3). Suppose -4*l - q = -h, 0*l + 2*l = 5*q + 13. Suppose 0 = -5*n + 4*z - l + 164, 5*z = 0. What is the remainder when n is divided by 8?
7
What is the remainder when 63 is divided by ((-198)/27)/(0 - (-2)/(-6))?
19
Suppose 0 = 10*m - 77 - 53. What is the remainder when 102 is divided by m?
11
Let b(c) = 11*c + 228. What is the remainder when b(-16) is divided by 18?
16
Suppose -4*g + t = -52, -g = 2*g + 2*t - 50. Suppose 362 = 8*x - g. Calculate the remainder when x is divided by 24.
23
Suppose 11*t + 645 = 1525. Calculate the remainder when 303 is divided by t.
63
Suppose -5*s + 3*a = 5*a - 189, s - a = 35. Calculate the remainder when 219 is divided by s.
34
Let x be -1 - ((-141)/1 - -4). Suppose j + v - 34 = 0, 4*j = -0*j - v + x. Let u = j + -19. Calculate the remainder when 57 is divided by u.
12
Let c = 295 - 275. Calculate the remainder when c is divided by 19.
1
Let x(l) = -2*l**3 + 14*l**2 + 7*l - 19. Let v be x(7). Let n = -2 + 10. What is the remainder when 15 is divided by 2/n + v/8?
3
Let b be (1 - 1)/(-1 + -1). Suppose b = -3*v + 70 - 40. Calculate the remainder when 77 is divided by v.
7
Suppose -5*n + n + 36 = 0. Suppose -12*h = -348 + 48. What is the remainder when h is divided by n?
7
Let s = -2 + 0. Let d = -239 - -244. What is the remainder when (1 + s)/((-1)/11) is divided by d?
1
Suppose 3*l - 2*c = 115, 5*l = -0*l - 4*c + 177. Suppose -k + l = 18. Calculate the remainder when k is divided by 7.
5
Let q(z) = 81*z - 245. What is the remainder when q(9) is divided by 61?
57
Let p = 39 + 7. What is the remainder when p is divided by 35?
11
Let d = 44 - 22. What is the remainder when d is divided by -4 + 3 + 21 + -4?
6
Suppose 3*x - 6*x - 63 = 0. Let t = x - -39. Calculate the remainder when (-304)/(-6) + 1/3 is divided by t.
15
Let d(a) = a**2 + 19*a - 5. Let o be d(-20). Suppose o*z = 11*z + 148. Calculate the remainder when (6/(-2))/((-1)/49) is divided by z.
36
Suppose -63 = 5*l - 168. Suppose -4*h + 8 = 2*d, h + 22 = 3*d - 3*h. Suppose 2*q - 16 = d. Calculate the remainder when l is divided by q.
10
Let q be 6/27 - 34/(-9). Suppose 0 = -q*m + k + 9, -6*m - 5*k = -m - 30. Suppose 42 + 75 = m*w. What is the remainder when w is divided by 20?
19
Let w(l) = 12*l - 7. Let g be w(2). Let x(m) = -14*m + g*m - 3 + 19. Calculate the remainder when 11 is divided by x(-4).
3
Let u(z) be the first derivative of -z**4/4 + 10*z**3/3 + 5*z**2/2 - 7*z + 16. What is the remainder when 126 is divided by u(10)?
40
Let t = 975 - 936. What is the remainder when 1049 is divided by t?
35
Let w(q) = 3*q + 4 - 2 - 2*q. Let m(d) = d**3 + 11*d**2 + 4. Calculate the remainder when m(-11) is divided by w(0).
0
Let v = 31 - 20. Let g(r) = r**2 - 4*r - 4. What is the remainder when g(9) is divided by v?
8
Suppose -5*i = -5*b - 190, 104 = 3*i + 5*b - 3*b. What is the remainder when i is divided by 9/(45/10) + -7 - -18?
10
Suppose v - 24 = -3*q, -v + 51 - 13 = -4*q. Calculate the remainder when 238 is divided by v.
28
Suppose -2*y - 2*a = 10, -4*y - 4*a = -8*y - 60. What is the remainder when 62 + -2 + 8 + y is divided by 20?
18
Let k(t) = t**2 - 2*t + 12. Let f = -5 + 12. Let q be k(f). Suppose 0*v = -3*z + v + q, 2*z - 3*v = 29. Calculate the remainder when 61 is divided by z.
13
Suppose -9*f - 36 = -63 - 36. Suppose -66 = -4*z + 66. What is the remainder when z is divided by f?
5
Let i = 53 + -34. Let h(g) = g**2 + 2*g + 3. What is the remainder when i is divided by h(-4)?
8
Suppose -7*n - 7*n = -308. Calculate the remainder when n is divided by 3.
1
Suppose 0 = 2*h - 64 - 50. Suppose h = 3*m - k, k + 95 = 3*m + 2*m. What is the remainder when m is divided by 14?
5
Suppose 5*f - 240 = 320. Suppose 0 = i + 2*v + v - 35, 4*i - 2*v = f. Suppose 0 = h - 5*h + 40. Calculate the remainder when i is divided by h.
9
Let g be (4 - 2) + -4 + -2. Let v(p) = -10*p + 6. What is the remainder when 89 is divided by v(g)?
43
Let c = -55 - -127. Suppose 0 = -2*p - 4*n + c, 5*p - 2*n = n + 180. Suppose 5*k = -0*k + 65. What is the remainder when p is divided by k?
10
Suppose -u + 5*u = 8. Calculate the remainder when 13 is divided by u.
1
Let u = 1025 - 964. What is the remainder when 1340 is divided by u?
59
Suppose 0 = -3*q + 4*l + 36, -l = -5*q + 8*q - 51. Calculate the remainder when 125 is divided by q.
13
Let w = -143 - -149. Let f = 3 - 0. Suppose -w = -3*i - f. Calculate the remainder when 2 is divided by i.
0
Suppose 3*o - 15 = -b, 4*b - 2*b = -3*o + 18. Calculate the remainder when o*(-9)/(-12) + 48 is divided by 18.
15
Calculate the remainder when 86/(-1)*18/324*-9 is divided by (-41)/(-4) + (-1)/4.
3
Calculate the remainder when (-37)/(-7)*(17 - 10) is divided by 20.
17
What is the remainder when 20851/(-116)*12/(-3) is divided by 19?
16
Let d be (-6)/(-3) - (224/(-4))/4. Let x(a) = -4*a + 83. Calculate the remainder when 73 is divided by x(d).
16
Let k = 7 + 2. Suppose -5*o + 184 + 51 = -5*g, 5*g + 192 = 4*o. Calculate the remainder when o is divided by k.
7
Let s(f) = f**2 - 20*f - 1. Let p be s(21). Let l(q) = -q + 32. What is the remainder when l(p) is divided by 8?
4
Suppose -230 = -3*u + f, 11*u - 6*u + 2*f - 365 = 0. Calculate the remainder when 599 is divided by u.
74
Suppose -1737 = -31*g - 342. What is the remainder when 52 is divided by g?
7
Let o(p) = 4*p**2 - p - 3. Let q(u) = -26*u + 1166. What is the remainder when q(34) is divided by o(4)?
54
Suppose g - 86 - 239 = 0. Suppose -7*j - f = -2*j - g, 2*j - 5*f = 103. Calculate the remainder when 102 is divided by 78/8*j/24.
24
Let x = -35 + 32. Let p be (x + 4)/(4/556). Let b = -91 + p. Calculate the remainder when b is divided by 25.
23
Suppose 15*x - 3099 - 156 = 0. Let k = x + -99. Calculate the remainder when k is divided by 12.
10
Calculate the remainder when 35 is divided by 2/(-6)*(-79 + 16).
14
Let u = 386 - 207. Let b = 3730 + -3700. What is the remainder when u is divided by b?
29
Calculate the remainder when (-2258)/(-6) - (-9)/(-27) is divided by 42.
40
Let m(r) = -34*r + 1. Let p = -14 - 15. What is the remainder when m(-1) is divided by 2/2*(38 + p)?
8
Let i(x) = -x + 11. Let o = 40 + -32. Let h be i(o). Suppose -n + 0*n + h*t + 82 = 0, -t + 143 = 2*n. What is the remainder when n is divided by 15?
13
Let w(z) = 15*z + 17. Let d be w(-7). Calculate the remainder when 41 is divided by d/(-12)*(-18)/(-12).
8
Calculate the remainder when 1406/30 + 24/180 is divided by 27.
20
Let i = -606 - -812. Suppose 104 = -2*x + 4*x. What is the remainder when i is divided by x?
50
Suppose -2*u - 328 = -6*u. Suppose 0 = -5*m - 3*x + u, 4*x - 2 + 14 = 2*m. What is the remainder when 40 is d